. Give y(10).
-53
Let b(q) = -q**3 - 38*q**2 + 34*q - 183. Give b(-39).
12
Let q(y) = -11*y - 253. Calculate q(-20).
-33
Let w(q) = 2758*q - 22054. Calculate w(8).
10
Let v(s) = s**3 + 19*s**2 - 11*s - 20. Calculate v(-19).
189
Let i(s) = 193*s + 1187. What is i(-6)?
29
Let s(z) = 20*z**2 - 57*z + 3. Give s(3).
12
Let w(g) = 8*g**2 - 52*g - 105. Calculate w(-2).
31
Let u(f) = -10*f**2 - 295*f - 1648. Give u(-22).
2
Let x(k) = 152*k - 1158. Determine x(8).
58
Let a(s) = -s**2 + 4*s - 91. What is a(0)?
-91
Let p(t) = -156*t - 41020. Give p(-263).
8
Let a(p) = -394*p - 5718. What is a(-14)?
-202
Let b(p) = p + 115. Determine b(-8).
107
Let k(q) = 6*q**3 + 2*q**2 - 43*q - 148. Calculate k(-3).
-163
Let t(o) = 71*o**2 - 139*o - 7. Calculate t(2).
-1
Let k(c) = 220*c + 2423. What is k(-11)?
3
Let x(z) = z**3 + 37. Calculate x(0).
37
Let h(i) = i**2 - 365*i - 25980. Determine h(-61).
6
Let c(x) = -x**3 + 29*x**2 - 50*x - 100. Determine c(27).
8
Let x(m) = 5*m**3 + 124*m**2 - 21*m + 91. Determine x(-25).
-9
Let v(u) = -24*u - 7. What is v(17)?
-415
Let r(x) = x**3 + x**2 - 445*x - 362. Determine r(21).
-5
Let z(r) = 2*r**2 - 168*r + 1. Calculate z(84).
1
Let j(l) = -25*l**3 + 376*l**2 - 21*l + 31. Calculate j(15).
-59
Let q(i) = -3*i**2 + 74*i + 98. Calculate q(26).
-6
Let h(w) = -w**3 + 29*w**2 + 90*w - 4. What is h(-3)?
14
Let j(f) = 16*f**2 + 233*f - 130. What is j(-15)?
-25
Let o(m) = -123*m - 201. Determine o(-6).
537
Let g(u) = 2*u**3 - 32*u**2 - 10*u + 5. Give g(16).
-155
Let r(g) = 16*g**2 + 49*g - 194. Give r(4).
258
Let g(k) = -k**2 - 107*k + 1829. Calculate g(15).
-1
Let m(q) = -2*q**2 + 166*q - 3445. Calculate m(41).
-1
Let o(c) = 2*c**3 - 10*c**2 + 22*c - 78. Calculate o(6).
126
Let n(t) = t**3 + 17*t**2 - 6*t + 46. Calculate n(-17).
148
Let h(q) = q**3 + 12*q**2 + 206*q + 1026. Calculate h(-6).
6
Let n(a) = -a**3 + 67*a**2 - 72*a + 310. Give n(66).
-86
Let k(z) = 2*z**3 - 145*z**2 - 73*z - 10. What is k(73)?
-10
Let c(y) = 4*y**2 - 30*y - 30. What is c(5)?
-80
Let t(q) = q**2 - 39*q - 994. Determine t(-18).
32
Let l(n) = n**3 - 26*n**2 - 338*n + 795. Calculate l(35).
-10
Let z(c) = -262*c - 18374. Calculate z(-70).
-34
Let x(w) = -w**2 + 2*w - 45. Determine x(14).
-213
Let k(a) = -2*a**3 - 59*a**2 - 33*a - 101. Give k(-29).
15
Let x(j) = -22*j**2 - 91*j + 4. Calculate x(-3).
79
Let p(k) = 232*k + 29. What is p(0)?
29
Let b(w) = -68*w**2 - 6*w - 25. Calculate b(-2).
-285
Let s(p) = p**2 - 2051*p - 10271. Determine s(-5).
9
Let m(q) = -q**3 + 7*q**2 - 44*q + 199. Determine m(6).
-29
Let b(p) = 29*p**2 - 41*p + 90. What is b(2)?
124
Let v(h) = 3*h**3 + 22*h**2 - 102*h + 22. Calculate v(-11).
-187
Let f(g) = -g**2 - 42*g - 31. Calculate f(-36).
185
Let v(w) = -9*w + 238. What is v(6)?
184
Let v(c) = 3*c**2 - 11*c - 157. What is v(-8)?
123
Let a(f) = 195*f**3 - 12*f - 13. Give a(-1).
-196
Let r(k) = 2*k**2 - 53*k - 289. What is r(-5)?
26
Let b(t) = -t**3 - 30*t**2 - 28*t + 35. What is b(-29)?
6
Let h(u) = -238*u - 24049. Calculate h(-101).
-11
Let a(k) = k**3 + 289*k**2 + 1968*k - 37. Calculate a(-7).
5
Let h(m) = 4*m**2 + 214*m + 212. What is h(-1)?
2
Let x(w) = 28*w - 335. Give x(12).
1
Let v(t) = t**2 - 22*t - 118. Calculate v(-4).
-14
Let v(p) = 4*p**2 - 135*p + 3. Give v(25).
-872
Let a(c) = c**3 + 6*c**2 - 3*c - 9. Determine a(-2).
13
Let r(z) = -42*z + 263. What is r(7)?
-31
Let r(p) = -p**2 - 215*p - 5246. Give r(-28).
-10
Let j(h) = 212*h - 752. What is j(8)?
944
Let f(u) = -23*u - 624. Determine f(-31).
89
Let n(w) = 9*w**2 - 1422*w + 4258. Determine n(3).
73
Let b(d) = -d**3 - 33*d**2 - 236*d + 4. What is b(-9)?
184
Let i(p) = p**3 + 8*p**2 + 9*p + 70. What is i(-7)?
56
Let o(j) = j**3 + 9*j**2 + 8*j - 9. What is o(-4)?
39
Let c(q) = -857*q + 91695. Give c(107).
-4
Let c(a) = -53*a - 553. Give c(-8).
-129
Let i(l) = 5*l**2 - 642*l - 3354. Determine i(-5).
-19
Let t(o) = -13*o**2 + 46*o - 116. Determine t(4).
-140
Let m(x) = 2410*x - 16880. Give m(7).
-10
Let l(x) = 12*x + 491. Calculate l(-45).
-49
Let p(d) = 208*d - 3. Calculate p(-1).
-211
Let j(l) = l**3 + 17*l**2 + 79*l + 2753. What is j(-20)?
-27
Let m(u) = u**3 - 13*u**2 + 22*u - 107. Give m(12).
13
Let k(q) = -57*q**2 + 1086*q - 20. Determine k(19).
37
Let q(g) = 282*g**2 - 3*g + 1. Give q(-1).
286
Let v(t) = t**3 + 50*t**2 + 16*t + 750. Calculate v(-50).
-50
Let o(v) = 4*v**2 - 237*v + 3339. Give o(36).
-9
Let j(d) = d**3 + 16*d**2 + 15*d. What is j(-15)?
0
Let s(z) = -z**3 - 12*z**2 + 86*z + 936. Give s(-8).
-8
Let j(h) = -13*h - 20. Calculate j(7).
-111
Let s(w) = -1809*w + 52462. Determine s(29).
1
Let v(g) = 349*g + 2610. Calculate v(-7).
167
Let f(q) = q**3 - 8*q**2 + 7*q - 5. What is f(3)?
-29
Let o(a) = a**3 + 8*a**2 - 470*a + 39. Give o(18).
3
Let z(l) = 132*l**2 - 224*l + 2. Calculate z(2).
82
Let x(q) = 7*q**2 - 34*q + 34. What is x(7)?
139
Let f(y) = 20*y**3 - 3*y**2 - 2*y + 1. Calculate f(-2).
-167
Let c(m) = -m**2 - 69*m - 165. Give c(-66).
33
Let l(n) = 169*n**2 - 20*n + 21. What is l(1)?
170
Let b(p) = 4534*p + 31745. Calculate b(-7).
7
Let i(p) = -21*p - 302. Determine i(-17).
55
Let h(s) = s**3 + 27*s**2 - 125*s - 22. Calculate h(-31).
9
Let f(u) = 77*u**2 - 206*u + 207. Give f(1).
78
Let u(p) = -16*p + 14. Give u(-6).
110
Let g(z) = z**3 + 28*z**2 + 63*z + 110. What is g(-26)?
-176
Let x(d) = d**3 - 18*d**2 - 12*d + 228. Determine x(18).
12
Let y(f) = 341*f + 76038. Give y(-223).
-5
Let j(i) = 138*i - 2735. Calculate j(19).
-113
Let u(l) = -l**3 + 6*l**2 + 7*l - 199. Give u(0).
-199
Let b(m) = -m**3 + 42*m**2 - 92*m + 107. Determine b(40).
-373
Let f(q) = -3*q**2 - 210*q + 3833. What is f(-85)?
8
Let w(o) = -14*o + 341. Give w(-18).
593
Let r(x) = 8*x**3 + 127*x**2 + 112*x + 85. Calculate r(-15).
-20
Let l(y) = -67*y + 1417. What is l(21)?
10
Let s(j) = -1417*j + 8500. What is s(6)?
-2
Let f(j) = -2*j**2 - 1276*j + 10313. Determine f(8).
-23
Let p(z) = z**2 + 41*z + 282. Give p(-8).
18
Let w(y) = 437*y + 1269. Calculate w(-3).
-42
Let n(t) = t**2 + 6327*t - 50682. Give n(8).
-2
Let f(k) = -2*k**3 + 11*k**2 - 16*k + 127. Determine f(6).
-5
Let n(s) = 394*s - 36266. Determine n(92).
-18
Let v(p) = -p**3 + 27*p**2 + 284*p - 113. Determine v(35).
27
Let c(n) = 5*n**3 + 30*n**2 - 71*n + 46. What is c(-8)?
-26
Let g(f) = 61*f + 488. Calculate g(-8).
0
Let t(f) = 10*f**3 - 181*f**2 + 10*f + 150. Give t(18).
6
Let g(w) = w**3 - 9*w**2 - 2*w - 72. Give g(10).
8
Let y(h) = 337*h + 1680. Give y(-5).
-5
Let t(q) = -q**3 + 220*q**2 + 447*q - 652. Give t(222).
14
Let b(i) = 3*i**2 - 85*i + 245. What is b(24)?
-67
Let k(s) = 78*s - 169. Determine k(2).
-13
Let s(t) = -478*t - 3821. Give s(-8).
3
Let k(p) = p**2 - 93*p + 674. Calculate k(8).
-6
Let b(x) = -106*x + 614. Calculate b(7).
-128
Let d(c) = 8*c - 169. What is d(8)?
-105
Let y(c) = -74*c + 3009. Give y(41).
-25
Let b(o) = -6*o**2 - 39*o - 7. Determine b(-6).
11
Let f(z) = z**2 + 139*z + 2576. Give f(-117).
2
Let v(d) = d**3 + 21*d**2 + 75*d + 16. Determine v(-15).
241
Let g(d) = -54*d - 1624. What is g(-30)?
-4
Let q(a) = -710*a - 26978. Give q(-38).
2
Let v(w) = -177*w - 16649. Give v(-94).
-11
Let t(i) = -345*i + 83142. Give t(241).
-3
Let f(u) = 679*u - 3482. Determine f(5).
-87
Let o(f) = -50*f - 5684. Determine o(-115).
66
Let a(q) = -66*q + 583. Determine a(9).
-11
Let j(y) = -y**3 + 7*y**2 + 207*y - 1600. Give j(8).
-8
Let t(m) = -m**3 + 14*m**2 + 37*m - 20. Determine t(16).
60
Let s(k) = -k**3 - 20*k**2 - 28*k + 23. Calculate s(-15).
-682
Let j(l) = 2*l**3 + 92*l**2 + 180*l + 173. Determine j(-44).
-3
Let l(x) = 93*x - 558. Give l(6).
0
Let o(j) = -5*j**2 + 21*j + 111. Calculate o(8).
-41
Let v(j) = -2*j**3 - 23*j**2 + 12*j - 15. Calculate v(-12).
-15
Let z(i) = -121*i**2 - 362*i - 4. What is z(-3)?
-7
Let d(j) = -j**3 + 12*j**2 + 24*j + 1. What is d(14)?
-55
Let l(u) = 5*u**2 - 42*u - 139. What is l(-3)?
32
Let c(q) = -2*q**3 + 6*q**2 + 14*q + 19. Determine c(-3).
85
Let t(b) = -11*b + 117. Give t(5).
62
Let c(a) = -4884*a - 34187. Give c(-7).
1
Let w(d) = -d**2 - d + 173. What is w(12)?
17
Let x(l) = -2*l**3 - 113*l**2 - 1540*l + 33. Give x(-23).
10
Let n(t) = -11*t**3 - 473*t**2 + t - 40. Determine n(-43).
-83
Let l(u) = -304*u + 894. Determine l(3).
-18
Let r(z) = -277*z - 1937. Calculate r(-7).
